Calculate the highest common divisor of o and 365.
73
Let h = -8 + 11. Suppose a = -8*u + 3*u + 13, h*a - 4*u - 1 = 0. Suppose 2 = a*t - 10. What is the greatest common factor of t and 44?
4
Let q be (-10)/4 + 5/(-10). Let i be 6 - q/(-2)*2. Suppose i*c - 52 = 2*u, c + 3*u + u = 22. What is the greatest common divisor of c and 2?
2
Let k = 173 + -103. Let b = 15 + -5. What is the greatest common factor of b and k?
10
Suppose -9*m + 24 = -13*m. Let p be -5 + -2 + 3 + 1. Let h be (-234)/p + m/2. Calculate the highest common divisor of h and 15.
15
Let z(b) = 2*b + 22. Let i be z(-5). Let u be ((-16)/i)/((-3)/27). What is the greatest common divisor of u and 3?
3
Let v = 487 + -457. Let r(d) = -d**2 + 60. Let f be r(0). Calculate the highest common divisor of v and f.
30
Suppose 0 = -3*i - 5*o + 45, -5*o + 0*o + 85 = 5*i. What is the highest common factor of i and 180?
20
Let b be 45 + -19 + (1 - 3). What is the greatest common factor of 2 and b?
2
Suppose 0*f - 3*f + 1666 = 2*b, -4*b = -2*f + 1100. Suppose -18 - f = -4*n. What is the greatest common divisor of 13 and n?
13
Let k = 25 - 16. Suppose 10*y = k*y + 33. Calculate the highest common factor of 22 and y.
11
Let t = 19 - -37. Let u be (-4)/3 + (-68)/(-6). Let s(w) = -3*w + 38. Let m be s(u). Calculate the greatest common divisor of m and t.
8
Let q = -7 + 2. Let z = q - 1. Let p = 24 - z. What is the greatest common factor of 15 and p?
15
Let a(s) = 26*s**2 - 3*s + 2. Let o be a(1). Let h = o + -2. What is the greatest common divisor of h and 46?
23
Let f = -804 + 1039. Calculate the highest common divisor of f and 10.
5
Let b be 23/(3519/(-34)) + 58/18. What is the greatest common divisor of b and 681?
3
Let o be 5022/24 + 20/(-16). What is the highest common factor of 13 and o?
13
Suppose -189*t = -158*t - 806. Calculate the greatest common divisor of 169 and t.
13
Let u = 174 - 111. What is the greatest common factor of 819 and u?
63
Let d be (-15)/(-180) - 8635/(-60). Suppose -2*v + 95 = p, -v + 0*v = -p - 49. Calculate the highest common divisor of d and v.
48
Let g be ((-26)/(-4 - -108))/(2/(-248)). Calculate the highest common factor of 9 and g.
1
Let a = -5 + 54. Let i be (-2)/(-4) - 2/4. Suppose -u + 6*u - 35 = i. Calculate the highest common divisor of u and a.
7
Let k(j) = 3*j**2 - 10*j + 11. Let w be k(1). What is the highest common factor of 58 and w?
2
Let u(r) = r**2 - 4*r. Let w be u(6). Let q be 3/w - (-2769)/12. What is the highest common factor of q and 21?
21
Suppose 4*x - 5*k - 80 = 0, 3*x = 3*k - 8*k + 95. Calculate the greatest common factor of 1425 and x.
25
Let f = 30 - 19. Suppose 4*p = -f + 3. Let c be 54 - 9/((-9)/p). Calculate the highest common factor of c and 78.
26
Let f = 401 + -391. Suppose 3*y - 8 - 89 = -2*i, 53 = i - 3*y. What is the greatest common divisor of i and f?
10
Let y be 9/1*1030/30. Let t be (-1 - -3) + (-4)/((-12)/y). What is the greatest common factor of t and 15?
15
Suppose -5*v + 2*x + 205 = 0, -3*v + 54 = 5*x - 100. Let d = v + -15. Calculate the greatest common divisor of 224 and d.
28
Suppose 9 = h - 3. Suppose 3*u - 4 - 2 = -l, -u + l = -6. Suppose -5*v - 12 = 13, 0 = -2*g - u*v + 249. Calculate the greatest common factor of h and g.
12
Suppose -3*n = 2 - 11. Suppose -131 + 572 = n*f. Calculate the highest common factor of f and 21.
21
Suppose z = -0*z + 19. Suppose -b + 3 = 3*m + 32, b + m = -z. Let o = -11 - b. Calculate the highest common divisor of 2 and o.
1
Suppose 5*p - 1 = -m - 6, 4 = -4*p. Suppose -2*f = -2*v - 44, -f = -2*v - m*v - 22. Let l = 49 - 38. Calculate the greatest common factor of l and f.
11
Let v(z) = -57*z - 262. Let r be v(-6). Calculate the highest common divisor of r and 48.
16
Suppose -48 = l - 3*l + 5*t, t + 72 = 3*l. Let n(a) = 2*a**2 + 232*a - 1174. Let d be n(5). What is the greatest common factor of l and d?
12
Let i(d) = -5*d**2 - 6*d + 17. Let n be i(6). Let q = 370 + n. Calculate the greatest common divisor of q and 9.
9
Let w(g) = -8*g + 13. Let r be w(2). Let j(i) = 2*i**2 + 8*i + 3. Let x be j(-5). Let t = x - r. What is the highest common divisor of t and 32?
16
Suppose 19 - 1 = 3*k. Let f be (8/k)/((-14)/(-42)). Suppose -2*h + 52 = f. What is the greatest common factor of h and 12?
12
Let f(z) = -6*z - 240. Let h be f(-48). Suppose 3*l - 480 = -l. Calculate the highest common factor of l and h.
24
Suppose -i + 4*f = 8 + 14, -3*i - f - 1 = 0. Let g(o) = -2*o**3 - 2*o**2 - 2*o - 3. Let l be g(i). Calculate the greatest common factor of l and 12.
3
Let x(z) = 9*z**2 - 89*z + 17. Let m be x(12). What is the highest common divisor of m and 98?
49
Let r = -130 + 210. Calculate the highest common factor of r and 5.
5
Let u = -78 - -2. Let y = 340 + u. Calculate the highest common factor of y and 24.
24
Let n = -2442 + 2446. Let c = 15 + -25. Let o be 3*(c/(-3) + 0). Calculate the greatest common factor of o and n.
2
Suppose -27*t = -24*t + 48. Let x be (-2 - (-4)/(-16))*t. What is the highest common factor of 9 and x?
9
Suppose 0*u = -2*u + 224. Suppose 11*s - u = 10*s. What is the highest common divisor of s and 16?
16
Suppose 5*s = -4*g + 204, 117 = -2*s + 5*s - 3*g. Calculate the greatest common divisor of 8 and s.
8
Suppose 1328 = 3*a - 352. Suppose 40*c = 44*c - a. What is the highest common factor of 20 and c?
20
Suppose -3*x - 139 = -7. Let y = x - -68. Calculate the greatest common factor of y and 6.
6
Let r be 18/(-15)*(-75)/10. Suppose 0 = 19*n - r*n - 1600. What is the greatest common factor of n and 16?
16
Let b(z) = -z**3 + 7*z**2 + 10*z - 6. Let l be b(8). Suppose -l = -6*p + 2. Suppose -p*w - 2 = -4. What is the greatest common factor of w and 2?
1
Suppose 0 = 5*i - 37 + 7. Let w = 26 - i. Calculate the highest common factor of 50 and w.
10
Let c(i) = -i**2 + 35*i - 44. Let g be c(32). What is the highest common factor of g and 26?
26
Let k(s) = 28*s + 272. Let g be k(0). What is the greatest common factor of 17 and g?
17
Suppose n = -188 + 218. Calculate the highest common divisor of n and 570.
30
Suppose -6*x = -203 - 949. Calculate the greatest common factor of 24 and x.
24
Let l be (-2)/8 - (-4)/16. Suppose l*n - 2*g + 40 = 2*n, 3*n - 60 = -4*g. What is the highest common divisor of 10 and n?
10
Suppose 5*p - 2*p = -69. Let y = p + 27. Let l be (-339)/(-9)*3 + y. Calculate the highest common divisor of l and 13.
13
Let u(b) = b**2 + 15*b + 18. Let k be u(-8). Let y be (4/(-2) - -2) + (0 - k). What is the greatest common divisor of 57 and y?
19
Let f(p) = p**2 - 34*p - 91. Let r be f(43). Calculate the greatest common factor of r and 111.
37
Let y = 16536 - 16491. Suppose -3*d + 3*f + 1623 = d, 3 = -3*f. Calculate the highest common divisor of d and y.
45
Let o(g) = -g - 11. Let s be o(6). Let a = s - -16. Let n be (-1)/((-4)/(-120)*a). What is the highest common factor of n and 6?
6
Let q be (-1)/2 - (-266)/4. Let y = -18 + 106. Suppose -y = -28*u + 24*u. Calculate the greatest common factor of u and q.
22
Suppose -3*y - 5*w = -113, 129 = 3*y - 0*y - 3*w. Let l be 3*3/(-9) + 124. Calculate the greatest common factor of y and l.
41
Let r(d) = d**3 + 5*d**2 + 4. Let a be ((-60)/24)/(1/2). Let v be r(a). What is the highest common factor of v and 10?
2
Let n(c) = -c**3 + 5*c**2 + 2*c - 3. Let l(y) = -y - 1. Let u be l(-6). Let o be n(u). Suppose 10*b - 24 = 46. What is the highest common divisor of b and o?
7
Let o be (-1 - -1*1) + 8. Let u(i) be the first derivative of -i**3/3 + 6*i**2 - 20*i - 20. Let f be u(8). Calculate the greatest common divisor of f and o.
4
Suppose 102 = 5*t - 13. Let q(i) = i**3 + i**2 + 2*i + 147. Let m be q(0). Let h = 308 - m. What is the greatest common factor of t and h?
23
Suppose -2*a + 16 = -r, 3 - 30 = -5*a - 4*r. Let v(n) = n**2 + 8*n - 13. Let p be v(-10). Calculate the greatest common divisor of p and a.
7
Suppose 5*d + 4*a = 58, 3*a = d + 2 - 6. Let f(u) = -21*u - 37. Let t be f(-7). Calculate the highest common divisor of t and d.
10
Suppose 60 = 5*l - 5*y, 3*l - 4*y = -2*y + 36. Let s(x) = -x**2 + 9*x + 12. Let t be s(11). Let o = -6 - t. What is the greatest common divisor of o and l?
4
Let m be (-226)/(-12) - (-12)/(-432)*-6. Calculate the greatest common factor of m and 190.
19
Let y be (-24)/(-10) - 3/(-5). Let r be -2 - -182 - (y + -3